ert -7333 (base 8) to base 3.
-12012212
Convert -21709 (base 13) to base 8.
-166137
What is -111100101100001 (base 2) in base 15?
-9318
What is 1519 (base 12) in base 6?
15233
2224 (base 10) to base 16
8b0
132453 (base 7) to base 12
12516
12114 (base 9) to base 10
8113
What is 210220 (base 3) in base 2?
1001001111
Convert 3734 (base 10) to base 7.
13613
10012303 (base 4) to base 14
61b5
1011100001101000 (base 2) to base 13
18645
Convert 13594 (base 11) to base 2.
100101110001110
What is 2b4 (base 13) in base 10?
485
Convert -18a (base 12) to base 6.
-1054
-355 (base 14) to base 13
-3c0
Convert 151 (base 14) to base 16.
10b
What is -32735 (base 12) in base 5?
-4113323
Convert -b2 (base 14) to base 16.
-9c
What is 1000001101010110 (base 2) in base 8?
101526
What is 455b (base 12) in base 7?
31313
Convert 16ba (base 16) to base 4.
1122322
Convert 4c7 (base 15) to base 9.
1437
What is -42299 (base 10) in base 3?
-2011000122
What is -232 (base 12) in base 9?
-402
Convert 69 (base 12) to base 13.
63
Convert a526 (base 14) to base 5.
1402304
Convert -2200021100 (base 3) to base 13.
-1ac9a
What is 7 (base 13) in base 2?
111
What is 1100112 (base 3) in base 15?
45b
Convert -203234 (base 6) to base 12.
-951a
Convert -151 (base 16) to base 4.
-11101
-212211221 (base 3) to base 8
-41752
Convert 36a8 (base 15) to base 6.
125505
-50a (base 13) to base 4
-31113
What is -4520 (base 7) in base 11?
-1253
What is -9505 (base 12) in base 6?
-203205
What is -122 (base 10) in base 8?
-172
Convert -17442 (base 9) to base 11.
-9043
What is 12201 (base 6) in base 9?
2421
Convert 197c (base 15) to base 9.
7510
What is 1509 (base 10) in base 11?
1152
-51642 (base 7) to base 12
-7400
Convert 5422 (base 9) to base 5.
111424
What is 4c (base 15) in base 4?
1020
What is -3493 (base 15) in base 7?
-44355
Convert 246511 (base 7) to base 11.
31230
-127 (base 9) to base 10
-106
Convert -6a00 (base 16) to base 11.
-1942a
Convert 857 (base 10) to base 5.
11412
What is -e0c (base 15) in base 16?
-c5a
8863 (base 9) to base 11
4a03
Convert -53117 (base 8) to base 3.
-1010022100
-10035 (base 8) to base 16
-101d
463 (base 11) to base 4
20221
Convert -1401331 (base 5) to base 6.
-335113
What is b92 (base 15) in base 14?
d48
-44155 (base 10) to base 4
-22301323
654 (base 9) to base 2
1000010111
What is -159 (base 10) in base 12?
-113
What is 10113 (base 4) in base 15?
139
Convert -32402 (base 10) to base 8.
-77222
7117 (base 12) to base 2
10111111100011
What is -1011010101100 (base 2) in base 5?
-141204
-10000010101 (base 2) to base 15
-49a
Convert 1112013 (base 4) to base 5.
134021
What is -1166 (base 13) in base 4?
-212102
-1623 (base 8) to base 10
-915
3014 (base 10) to base 9
4118
aa3 (base 13) to base 14
943
Convert -a88 (base 11) to base 8.
-2432
133110 (base 8) to base 5
2443124
-30633 (base 7) to base 12
-4429
What is 234 (base 14) in base 5?
3223
Convert -1100212 (base 3) to base 4.
-33203
What is 26b (base 13) in base 4?
12223
17028 (base 9) to base 3
121000222
What is -41100 (base 5) in base 2?
-101001011010
What is 7d2b (base 14) in base 11?
15414
What is -2673 (base 9) in base 8?
-3732
What is -11000 (base 3) in base 6?
-300
-4e9 (base 15) to base 4
-101133
10134 (base 5) to base 11
559
What is d5e (base 15) in base 2?
101111000110
Convert -151c (base 13) to base 5.
-44232
-5b (base 16) to base 5
-331
Convert -197 (base 12) to base 8.
-403
What is 3432 (base 6) in base 9?
1102
Convert 11210 (base 4) to base 3.
111012
Convert -1407 (base 11) to base 15.
-817
What is -13eea (base 15) in base 13?
-23254
What is -ed (base 15) in base 4?
-3133
-110000010101 (base 2) to base 14
-11ad
What is -36686 (base 9) in base 13?
-b28c
Convert -35142 (base 6) to base 16.
-13a6
-2211111 (base 3) to base 2
-100000010001
Convert 1522 (base 8) to base 7.
2323
Convert -1213110 (base 4) to base 15.
-1e5c
Convert 100101 (base 4) to base 10.
1041
b61 (base 12) to base 4
121321
Convert -2102 (base 4) to base 2.
-10010010
What is 263 (base 10) in base 2?
100000111
8d2e (base 15) to base 12
15415
Convert -1215 (base 8) to base 7.
-1622
-227 (base 12) to base 3
-102211
Convert 1aba (base 16) to base 7.
25643
Convert -1141 (base 10) to base 15.
-511
What is -9520 (base 13) in base 10?
-20644
2803 (base 9) to base 5
31414
Convert 490 (base 10) to base 16.
1ea
822 (base 11) to base 9
1322
7562 (base 11) to base 12
5946
What is -12033 (base 9) in base 15?
-25b9
-13535 (base 11) to base 3
-222102222
Convert -246a (base 12) to base 15.
-1344
Convert 31332233 (base 4) to base 15.
11e78
Convert 837 (base 11) to base 5.
13013
Convert 1665 (base 7) to base 15.
309
What is -96c (base 14) in base 8?
-3504
Convert 1772b (base 12) to base 16.
8453
-101101111010 (base 2) to base 11
-2231
What is 1691 (base 13) in base 16?
d01
Convert -561 (base 7) to base 10.
-288
What is 32340 (base 7) in base 6?
101200
What is -226 (base 13) in base 10?
-370
-a66 (base 14) to base 10
-2050
What is 7a13 (base 11) in base 16?
292d
Convert 562 (base 7) to base 8.
441
What is 1145321 (base 6) in base 14?
18241
34707 (base 9) to base 3
1011210021
What is -251534 (base 7) in base 10?
-46232
What is -b96 (base 14) in base 8?
-4360
21444 (base 7) to base 10
5373
What is 79720 (base 10) in base 12?
3a174
10011101 (base 2) to base 9
184
16 (base 9) to base 8
17
Convert -7480 (base 9) to base 10.
-5499
What is -1020111220 (base 3) in base 10?
-24432
Convert 112021 (base 3) to base 6.
1441
Convert -1111000110010 (base 2) to base 16.
-1e32
-4fd5 (base 16) to base 14
-763b
What is -55363 (base 7) in base 16?
-3658
Convert -1467 (base 10) to base 12.
-a23
61250 (base 7) to base 4
3220202
436 (base 10) to base 16
1b4
What is 589 (base 15) in base 4?
103212
-27aa (base 13) to base 8
-13125
Convert -2076 (base 12) to base 9.
-4770
394 (base 15) to base 11
680
Convert -1011 (base 15) to base 8.
-6477
What is 134 (base 15) in base 14?
158
111430 (base 5) to base 15
12b0
Convert -1aa (base 15) to base 11.
-320
What is ad7 (base 16) in base 7?
11043
-7114 (base 9) to base 7
-21103
What is 210 (base 4) in base 3?
1100
What is -16417 (base 8) in base 4?
-1310033
Convert 46 (base 12) to base 16.
36
2776 (base 13) to base 9
7704
Convert 2330 (base 6) to base 16.
22e
23632 (base 7) to base 10
6148
-12231 (base 7) to base 14
-1251
189dc (base 14) to base 10
62326
What is -56 (base 11) in base 7?
-115
262 (base 16) to base 14
318
Convert -11341 (base 10) to base 16.
-2c4d
Convert -110110101001111 (base 2) to base 5.
-1343413
Convert 1123 (base 10) to base 15.
4ed
41205 (base 6) to base 5
133402
Convert 81120 (base 9) to base 13.
1b363
10026 (base 9) to base 12
3989
What is -109c (base 16) in base 9?
-5744
Convert -4859 (base 11) to base 5.
-200411
Convert -113 (base 8) to base 14.
-55
Convert -13545 (base 6) to base 14.
-adb
Convert -90b (base 13) to base 16.
-5fc
Convert 232001 (base 4) to base 6.
21345
What is -51316 (base 8) in base 7?
-115542
4406 (base 10) to base 2
1000100110110
3e9 (base 15) to base 2
1101111110
340 (base 11) to base 8
627
Convert -11110012220 (base 3) to base 9.
-143186
Convert 131011 (base 4) to base 2.
11101000101
-11045 (base 9) to base 6
-53535
Convert -110102 (base 3) to base 10.
-335
13100 (base 4) to base 9
565
-222210210 (base 3) to base 11
-13756
17377 (base 10) to base 5
1024002
Convert -1031a (base 11) to base 6.
-153321
What is 252 (base 9) in base 3?
21202
Convert 9155 (base 13) to base 14.
7416
Convert -21201 (base 4) to base 6.
-2453
What is -1fa7 (base 16) in base 7?
-32424
Convert 758 (base 14) to base 12.
a0a
Convert 2317 (base 11) to base 2.
101111100011
100445 (base 6) to base 2
1111100001101
Convert c979 (base 13) to base 6.
333321
What is 1434 (base 9) in base 7?
3106
Convert -210203 (base 5) to base 7.
-26125
Convert -2202 (base 5) to base 14.
-178
10010001110111 (base 2) to base 16
2477
Convert 7c0 (base 13) to base 4.
110323
Convert 395 (base 10) to base 16.
18b
Convert 1611 (base 10) to base 4.
121023
Convert -3706 (base 11) to base 8.
-11356
Convert -95c (base 13) to base 7.
-4442
-3015 (base 10) to base 12
-18b3
Convert -20432 (base 5) to base 16.
-557
What is 36a9 (base 15) in base 6?
125510
What is -1111011 (base 2) in base 11?
-102
What is -253331 (base 6) in base 2?
-101100100010111
Convert -2b0 (ba